e 14, what is 1 - 2687b?
-2687a
In base 12, what is -5 - 85474?
-85479
In base 7, what is -5 - -2455151?
2455143
In base 2, what is -101 - -100000100011?
100000011110
In base 8, what is 103415 - -1?
103416
In base 4, what is 0 + -22223102?
-22223102
In base 9, what is -1464885 + -2?
-1464887
In base 15, what is 5ba7 + -1?
5ba6
In base 7, what is -40343 - -34?
-40306
In base 7, what is -2602612 + -11?
-2602623
In base 15, what is -da3b + -1?
-da3c
In base 12, what is 122a8 - 4?
122a4
In base 12, what is 3276 + 14?
328a
In base 13, what is -17 + 8a41?
8a27
In base 10, what is 5 - 1966?
-1961
In base 5, what is -20 + 3204?
3134
In base 6, what is 1022 - -13?
1035
In base 3, what is 12110 + 1110110002?
1110122112
In base 4, what is -10 + -1002211301?
-1002211311
In base 3, what is -1221120 + -11210?
-2010100
In base 13, what is c20 + 214?
1134
In base 6, what is -11304223 - 0?
-11304223
In base 5, what is -1000 + -1120?
-2120
In base 16, what is -525 + 27?
-4fe
In base 6, what is -513 + 403?
-110
In base 9, what is -3 + -12837?
-12841
In base 12, what is -16 - -197?
181
In base 8, what is 1701330 + -1?
1701327
In base 15, what is -4b96 + -30?
-4bc6
In base 10, what is -2 - -5045?
5043
In base 14, what is -18657 + 1?
-18656
In base 5, what is 324233222 + 0?
324233222
In base 7, what is 22 - 1541325?
-1541303
In base 4, what is 100301 - -1100100?
1201001
In base 10, what is -52 + 678?
626
In base 12, what is 2 - 3040?
-303a
In base 15, what is -53 + 6751?
66ed
In base 15, what is 1c - -3a?
57
In base 14, what is 2ba34 - -1a?
2ba50
In base 8, what is 4062 + -434?
3426
In base 2, what is -10001011010101 + -1010110?
-10001100101011
In base 8, what is -1254070 + -14?
-1254104
In base 13, what is -2312 - 3?
-2315
In base 9, what is -26 - -1840?
1813
In base 12, what is -7a8 - -10b?
-699
In base 3, what is -201220022 + -21?
-201220120
In base 11, what is 690 + 17a4?
2384
In base 10, what is -60 + 166?
106
In base 5, what is 4 - 123021132?
-123021123
In base 8, what is 1 + 702133?
702134
In base 14, what is -171 - -99c?
82b
In base 11, what is 73a - -89?
818
In base 13, what is 17bca5 - -7?
17bcac
In base 10, what is 5 + 52729?
52734
In base 14, what is -368 - -18?
-350
In base 10, what is -4 + 41249?
41245
In base 11, what is -2aa57 - -100?
-2a957
In base 2, what is 111101110 + -100101?
111001001
In base 12, what is 21bba - 5?
21bb5
In base 2, what is -101010010000 - 1111101100?
-111001111100
In base 11, what is 19282 - 1?
19281
In base 6, what is -313543 - -5?
-313534
In base 16, what is 33 + -98?
-65
In base 7, what is -21 - 14012?
-14033
In base 4, what is 0 - 3002302?
-3002302
In base 2, what is -10110 + 10100000010111011?
10100000010100101
In base 2, what is 11001111100 - -110?
11010000010
In base 14, what is -2 + 2865?
2863
In base 3, what is -11 + 20011211?
20011200
In base 14, what is -3c + 184?
146
In base 14, what is -12a + 85d?
733
In base 3, what is -11102 + 10012?
-1020
In base 8, what is 72 + 14066?
14160
In base 8, what is 1013 - 254?
537
In base 7, what is 0 + 222103?
222103
In base 16, what is e5 + ef2?
fd7
In base 9, what is 258723 + 5?
258728
In base 7, what is 36 + -204105?
-204036
In base 9, what is -23 - 731?
-754
In base 14, what is 4c2 - 4d?
473
In base 8, what is 5 + 244077?
244104
In base 2, what is -11010011 + -1000101100010?
-1001000110101
In base 13, what is -5 + -17098?
-170a0
In base 2, what is -1000111110 + 110100?
-1000001010
In base 3, what is 11 + -12100020?
-12100002
In base 13, what is -28127 + -3?
-2812a
In base 7, what is -30463 - 132?
-30625
In base 2, what is 10101111110000 - -11011?
10110000001011
In base 15, what is -11 + -56cd?
-56de
In base 11, what is 2aa8 + -437?
2671
In base 14, what is -81bad - 4?
-81bb3
In base 3, what is -1110012 - 120?
-1110202
In base 9, what is -12884 + -2?
-12886
In base 3, what is -2 - 111120?
-111122
In base 12, what is 16044 - 2?
16042
In base 4, what is 1 + 130010230?
130010231
In base 8, what is 23561 + 3?
23564
In base 8, what is 3640 + 5?
3645
In base 12, what is 2432 - -1a?
2450
In base 7, what is -23314 + 61?
-23223
In base 12, what is 6 + a824?
a82a
In base 11, what is 25 - 1a397?
-1a372
In base 3, what is 1202111202 - 0?
1202111202
In base 4, what is -1230032 + -31?
-1230123
In base 15, what is 2 + 927b1?
927b3
In base 16, what is -1ad0 - -36?
-1a9a
In base 2, what is -10001101 - -1001011111?
111010010
In base 5, what is 10002 - 211?
4241
In base 13, what is 17c4 + 5?
17c9
In base 3, what is -12202 + -1100220101?
-1101010010
In base 15, what is 2c8 + -14c?
17b
In base 11, what is -267 + -2a81?
-3238
In base 13, what is a4 + -9a?
7
In base 14, what is -12d8c + -c?
-12d9a
In base 12, what is b71 - 5?
b68
In base 12, what is -107b8 - -123?
-10695
In base 3, what is -1002102 - -211?
-1001121
In base 8, what is 22214 - 3?
22211
In base 14, what is 16c4 - 47?
167b
In base 9, what is 6861 + -115?
6745
In base 14, what is 4 - -48b95?
48b99
In base 16, what is 24 + 1ba?
1de
In base 2, what is 10110110010001 - 1000?
10110110001001
In base 9, what is 78 + 5054?
5143
In base 6, what is 13 - -1525122?
1525135
In base 8, what is 315545 - 2?
315543
In base 6, what is -20 - 24235?
-24255
In base 12, what is 29 + 973?
9a0
In base 5, what is 1334 - 10334?
-4000
In base 16, what is -53 + -22d?
-280
In base 5, what is 3133 + -243?
2340
In base 9, what is 161 + 36?
207
In base 4, what is -1 - 2112201?
-2112202
In base 6, what is -2004 + 11433?
5425
In base 13, what is 88a3 + -14?
888c
In base 15, what is 9753 - -8?
975b
In base 12, what is -1b07 - 3a?
-1b45
In base 12, what is 2995 + 3?
2998
In base 12, what is 8 + -6635?
-6629
In base 15, what is 4 - -51c?
521
In base 5, what is -2041 + -23341?
-30432
In base 3, what is -11020110 + -2121?
-11100001
In base 4, what is -10 + -103032301?
-103032311
In base 3, what is -112 + 100210011?
100202122
In base 4, what is -31 + 102233310?
102233213
In base 16, what is 2c + 2fc?
328
In base 13, what is -2898 + 430?
-2468
In base 11, what is -17 - 6?
-22
In base 14, what is -175b + -5?
-1762
In base 7, what is 3135 + 1502?
4640
In base 7, what is -143 - -20?
-123
In base 12, what is -3 + -746b?
-7472
In base 12, what is -4 - -4a6921?
4a6919
In base 11, what is 223 + 1656?
1879
In base 6, what is 5 - -25312?
25321
In base 5, what is -13 + -2133234?
-2133302
In base 4, what is -122201 - 0?
-122201
In base 15, what is -2cee35 + 5?
-2cee30
In base 9, what is -23750 + 0?
-23750
In base 8, what is -6335 - 3?
-6340
In base 15, what is 19d + 4a?
1e8
In base 6, what is 23 - -40310?
40333
In base 14, what is -3 - c803?
-c806
In base 6, what is 250134232 - 5?
250134223
In base 16, what is 1cfb - -48?
1d43
In base 13, what is -10b9b - -1?
-10b9a
In base 8, what is 120007 - 4?
120003
In base 6, what is -345241 + -55?
-345340
In base 15, what is 9 + 26be?
26c8
In base 5, what is 2 - -4044023?
4044030
In base 9, what is 344 - -2740?
3184
In base 7, what is 2456 + 235?
3024
In base 16, what is -bd + 1e?
-9f
In base 7, what is 1 + -534026?
-534025
In base 14, what is 1a0 - -68?
228
In base 4, what is -11 - -3112002?
3111331
In base 4, what is 1023113 - 233?
1022220
In base 14, what is 4 + -2086?
-2082
In base 8, what is -42 - 12017?
-12061
In base 14, what is -227 - 117d?
-13a6
In base 15, what is 5 + b3e?
b44
In base 7, what is 31 + 2515?
2546
In base 5, what is -132420 - 4?
-132424
In base 14, what is b10 - 128?
9c6
In base 13, what is -5a - 44?
-a1
In base 8, what is 2 + -13105?
-13103
In base 4, what is 21 + 100113?
100200
In base 12, what is -2349 - 171?
-24ba
In base 9, what is 3 + 134880?
134883
In base 3, what is -211012002222 + 11?
-211012002211
In base 3, what is -21211120 - -1011?
-21210102
In base 12, what is -b738 - -12?
-b726
In base 8, what is -414 + 37?
-355
In base 4, what is 301330 + 110?
302100
In base 9, what is -2421 - 2?
-2423
In base 4, what is 23123 + 21122?
110311
In base 15, what is -b683 + -1?
-b684
In base 6, what is -1000 - 13113?
-14113
In base 3, what is -11011 + -112220?
-201001
In base 8, what is -2 + 23374?
23372
In base 3, what is -21011220121 - -10?
-21011220111
In base 2, what is 110011001 + 1101101010?
10100000011
In base 16, what is 2 - 193?
-191
In base 3, what is -11200102 - 20102?
-11220211
In base 8, what is 243133 - -16?
2431